{"id":245,"date":"2012-09-08T15:08:58","date_gmt":"2012-09-08T14:08:58","guid":{"rendered":"http:\/\/athleticsfashion.com\/?page_id=245"},"modified":"2020-11-09T20:31:28","modified_gmt":"2020-11-09T18:31:28","slug":"versandkosten","status":"publish","type":"page","link":"https:\/\/athleticsfashion.com\/cheer\/versandkosten\/","title":{"rendered":"Versand &#038; Umtausch"},"content":{"rendered":"<h3>Versand<\/h3>\n<p>Sie erhalten Ihre Bestellung 3 bis 10 Werktage nach Zahlungseingang.<br \/>\nWare aus den USA oder Mengenbestellungen ab 20 St\u00fcck k\u00f6nnen einen Lieferzeitraum zwischen 5-6 Wochen beeinhalten.<br \/>\nBei Sonderanfertigungen muss per Mail ein Lieferzeitraum auf die individuelle Ware verhandelt werden.<\/p>\n<p>Der Versand ist nur an Adressen innerhalb von Deutschland und der EU m\u00f6glich.<br \/>\nWeitere Lieferr\u00e4ume nach Absprache.<\/p>\n<h3><\/h3>\n<h3>Die Versandkosten betragen 4,90 \u20ac f\u00fcr Lieferungen innerhalb Deutschlands<\/h3>\n<p>Die Versandkosten f\u00fcr jede Bestellung betragen 4,90 \u20ac, unabh\u00e4ngig von Gr\u00f6\u00dfe oder Gewicht Ihrer Bestellung. Falls Ihre Bestellung in mehrere Lieferungen aufgeteilt werden muss, entstehen Ihnen keine zus\u00e4tzlichen Versandkosten f\u00fcr die nachfolgenden Lieferungen.<\/p>\n<h3>Die Versandkosten betragen 9,90 \u20ac f\u00fcr Lieferungen innerhalb der EU<\/h3>\n<p>Die Versandkosten f\u00fcr jede Bestellung au\u00dferhalb Deutschland und innerhalb der EU betragen 9,90 \u20ac, unabh\u00e4ngig von Gr\u00f6\u00dfe oder Gewicht Ihrer Bestellung. Falls Ihre Bestellung in mehrere Lieferungen aufgeteilt werden muss, entstehen Ihnen keine zus\u00e4tzlichen Versandkosten f\u00fcr die nachfolgenden Lieferungen.<\/p>\n<h3>Umtausch<\/h3>\n<p>Sie k\u00f6nnen die bestellte und ungetragene Ware innerhalb von 14 Tagen umtauschen oder zur\u00fcckgeben. Bitte senden Sie die Sendung dazu einfach mit einem Versandanbieter Ihrer Wahl an unsere R\u00fcckversand Adresse (NICHT die Adresse, die im Impressum steht) zur\u00fcck. Wir bitten Sie der Sendung eine kurze Notiz beizulegen, in der angegeben ist, ob beispielsweise eine andere Gr\u00f6\u00dfe erw\u00fcnscht ist oder ob Sie gerne den gezahlten Betrag zur\u00fcckerstattet haben m\u00f6chten.<\/p>\n<p>Bitte senden Sie Ihre R\u00fccksendungen an folgende Adresse:<\/p>\n<p>Leslie Huhn &#8211; Athletics Fashion<br \/>\nBenesisstra\u00dfe 24-32<br \/>\nD &#8211; 50672 K\u00f6ln<\/p>\n<p>Bei weiteren Fragen erreichen Sie uns unter: 0176-34090175 oder info@athleticsfashion.com<\/p>\n","protected":false},"excerpt":{"rendered":"<p>Versand Sie erhalten Ihre Bestellung 3 bis 10 Werktage nach Zahlungseingang. Ware aus den USA oder Mengenbestellungen ab 20 St\u00fcck k\u00f6nnen einen Lieferzeitraum zwischen 5-6 Wochen beeinhalten. Bei Sonderanfertigungen muss per Mail ein Lieferzeitraum auf die individuelle Ware verhandelt werden. Der Versand ist nur an Adressen innerhalb von Deutschland und der EU m\u00f6glich. Weitere Lieferr\u00e4ume [&hellip;]<\/p>\n","protected":false},"author":1,"featured_media":0,"parent":0,"menu_order":4,"comment_status":"closed","ping_status":"closed","template":"","meta":{"footnotes":""},"class_list":["post-245","page","type-page","status-publish","hentry"],"_links":{"self":[{"href":"https:\/\/athleticsfashion.com\/cheer\/wp-json\/wp\/v2\/pages\/245","targetHints":{"allow":["GET"]}}],"collection":[{"href":"https:\/\/athleticsfashion.com\/cheer\/wp-json\/wp\/v2\/pages"}],"about":[{"href":"https:\/\/athleticsfashion.com\/cheer\/wp-json\/wp\/v2\/types\/page"}],"author":[{"embeddable":true,"href":"https:\/\/athleticsfashion.com\/cheer\/wp-json\/wp\/v2\/users\/1"}],"replies":[{"embeddable":true,"href":"https:\/\/athleticsfashion.com\/cheer\/wp-json\/wp\/v2\/comments?post=245"}],"version-history":[{"count":14,"href":"https:\/\/athleticsfashion.com\/cheer\/wp-json\/wp\/v2\/pages\/245\/revisions"}],"predecessor-version":[{"id":6894,"href":"https:\/\/athleticsfashion.com\/cheer\/wp-json\/wp\/v2\/pages\/245\/revisions\/6894"}],"wp:attachment":[{"href":"https:\/\/athleticsfashion.com\/cheer\/wp-json\/wp\/v2\/media?parent=245"}],"curies":[{"name":"wp","href":"https:\/\/api.w.org\/{rel}","templated":true}]}}